-2). Let m = -8 + 11. Suppose -4*h + m*h = -l. What are the prime factors of h?
2
Let g(a) = -864*a**3 + 4*a**2 + 4*a. List the prime factors of g(-1).
2, 3
List the prime factors of (-2644)/(-9) - (-128)/576.
2, 3, 7
Suppose -4*j - 2 = 2, j + 101 = -4*g. List the prime factors of (g/5 + 44)*(-16)/(-6).
2, 13
List the prime factors of 6/(-9) + 2759/3.
919
Suppose 0 = -2*y + 4*y - 954. Suppose 8*s - 1413 = -y. List the prime factors of s.
3, 13
What are the prime factors of ((-2)/12)/(((-105)/(-32202))/(-35))?
1789
Suppose -2*a - j = -4, j - 8 + 22 = 4*a. Suppose -z + 3*m - 6 = 0, 1 = 2*z - 2*m + 21. Let x = a - z. List the prime factors of x.
3, 5
Suppose 5*b - 67 = -7. Let a be ((-2 + b)*5)/1. Let x = a + -20. List the prime factors of x.
2, 3, 5
Suppose 3*u + 540 = 12*u. Let q = u - 34. What are the prime factors of q?
2, 13
Let z = -36 + 151. Suppose 5*n - z = -j, 36 = 3*n - 2*j - 33. List the prime factors of n.
23
Let t(w) = w**3 + 10*w**2 - 13*w - 6. Let h be t(-11). List the prime factors of 185*(h/(-10) - -2).
2, 37
Suppose 2694 + 30 = 4*k + 4*o, -4*k + 2720 = 2*o. Suppose -4*r + 902 = -2*p - 0*p, 3*r = 2*p + k. What are the prime factors of r?
223
Let q = -12 - -13. What are the prime factors of (q/(-1))/(5/(-295))?
59
Suppose 2*o - 6 = o. Let r be 6*3/o - 323. What are the prime factors of r/24*6/(-4)?
2, 5
Suppose 2*w - 5*w + 687 = 0. Suppose -1339 + w = -5*p. List the prime factors of p.
2, 3, 37
Let n = -11 + 14. Suppose -9 = f + 4*p, p + 4 = -n*f - 1. List the prime factors of f + (9 - -4) - 1.
11
Let u = -7 + 7. Suppose u = -3*p - 0*p + 9. Suppose -3*v + 2*v + p = 0. List the prime factors of v.
3
Suppose 0 = -2*t - 5*s + 4314, 8*t + s - 4314 = 6*t. List the prime factors of t.
3, 719
Let a(h) = 36*h**3 - 5*h**2 - 7*h + 31. List the prime factors of a(3).
937
Suppose -v = g - 124, 3*v - v + 367 = 3*g. List the prime factors of (2 - 3)/1 + g + 1.
3, 41
Let g be ((-600)/18)/(1/3). Let n = 12 - g. List the prime factors of n.
2, 7
Let s = -99 + 61. Suppose 3*u - 95 = 5*j, 0*j + 3*u = -5*j - 65. Let k = j - s. List the prime factors of k.
2, 11
Let o(m) = 3*m**3 - 21*m**2 + m - 17. List the prime factors of o(9).
2, 239
Let u(x) = x**2 - 12. Let c be u(4). Suppose 871 = 5*j - 2*d + 259, 2*d = c*j - 488. List the prime factors of j.
2, 31
Suppose 5069 + 1591 = 6*q. What are the prime factors of q?
2, 3, 5, 37
Let m(s) = -s**2 + 8*s + 7. Let k be m(6). Suppose n + 20 - k = 0. List the prime factors of ((-66)/(-12))/(n/(-4)).
2, 11
Suppose 5*u - 8*u = -840. Suppose -8*p + u = -664. What are the prime factors of p?
2, 59
Suppose -5*t - 3166 = -3*v, -4*v = v - 4*t - 5268. What are the prime factors of 16/(-28) + v/28?
37
Let q = 659 + -135. List the prime factors of q.
2, 131
Suppose 57*f = 74*f - 5559. List the prime factors of f.
3, 109
What are the prime factors of 140/(-910) + (-1 - (-39992)/26)?
29, 53
Suppose 9 = 3*g - 3*q, -5*g - 3*q - 3 = -2. Suppose -9 + g = x. Let p = x - -16. List the prime factors of p.
2
Let a(q) = -q**3 - 3*q**2 + 2*q - 3. Let g be a(-4). Suppose 5*y - y + 396 = g*o, 5*o - 2*y = 398. List the prime factors of o.
2, 5
Suppose 3*h - 2*c = 19, h + 9 = -5*c - 13. Let i(f) = f**2 - 5. Let b be i(h). Suppose n = -4*t - 9, 3*n - 6*t + b*t - 43 = 0. What are the prime factors of n?
11
Let z be 2*2/(-12)*-3. Suppose -z = -g, 5*g - 4*g - 56 = -5*w. Suppose -4*p + w + 1 = 0. What are the prime factors of p?
3
Suppose -89 = q + 2*z - 242, 5*q - 717 = 2*z. Let g = q + -74. Let h = -34 + g. What are the prime factors of h?
37
Suppose 2*s = 5*c + 7471, 298*c - 14882 = -4*s + 296*c. List the prime factors of s.
3, 17, 73
Let p = 301 - 192. What are the prime factors of p?
109
Suppose -2989 - 2771 = -4*q. List the prime factors of q.
2, 3, 5
Let y = -29 - -32. Suppose 6*h - 411 = y*h. List the prime factors of h.
137
Let p(f) = -f**2 + f + 5. Let l be p(0). What are the prime factors of (-304)/(-10) - l/((-125)/(-10))?
2, 3, 5
List the prime factors of 8389/10 - 45/(-450).
839
Let x be -1*0*(-2)/8. Suppose -y - y + 176 = x. What are the prime factors of y?
2, 11
What are the prime factors of (-126 + 2)*(-3)/3?
2, 31
Let s be 9/(-6)*(-2672)/12. Let y = -223 + s. What are the prime factors of y?
3, 37
Suppose 0 = s - 3*s + 8. Suppose 0 = j + m + s*m - 99, 3*j + 2*m = 232. What are the prime factors of j?
2, 37
Suppose 0 = -t - 3*t + 8. Suppose 2*z = 5*d - 133, -4*d - t*z = 3*z - 80. What are the prime factors of d?
5
Suppose 7*f - 7253 - 5494 = 0. List the prime factors of f.
3, 607
Let b = -4 - -8. Let d(j) = 3*j**3 - 7*j**2 + 10*j - 1. List the prime factors of d(b).
7, 17
Let n(j) = 18*j**2 + j + 1. Let s be n(-1). Let k be (-1)/((-1)/s*2). Suppose -10*q + k*q = -70. What are the prime factors of q?
2, 5, 7
Let d be (-12)/9 - 80/(-15). Suppose -u = -5*g - 153, 2*u - d*g = -g + 334. List the prime factors of u.
173
Let l(d) = d**3 - d + 6. Let x = -8 + -2. Let j = 13 + x. What are the prime factors of l(j)?
2, 3, 5
Suppose -559*c - 456 = -571*c. List the prime factors of c.
2, 19
Let l be ((-108)/15)/(4/(-50)). Suppose -l = -0*t - 3*t. Suppose -2*j = -4 - t. What are the prime factors of j?
17
Let w be 4 + (-3 - (-4)/1). Suppose 0 = -5*z - s + 389, 0*s = -4*z + w*s + 288. List the prime factors of z.
7, 11
Let q = 306 - 146. Let h = q + 55. List the prime factors of h.
5, 43
Let u(c) = 71*c**3 + c**2 - 10*c + 8. What are the prime factors of u(2)?
2, 5, 7
Suppose t + s = 259, -4*s + 455 = -4*t + 1515. What are the prime factors of t?
2, 131
Let t(j) = j**2 + 35*j + 114. What are the prime factors of t(-34)?
2, 5
Let q = 79 - 27. Let d = 16 + q. List the prime factors of d.
2, 17
List the prime factors of (-6)/(4/4) - -112.
2, 53
Suppose 886 = 7*x + 2846. Let o = x - -434. What are the prime factors of o?
2, 7, 11
Suppose -4*q + 3*p + 1502 = 0, 2*q + p - 1127 + 371 = 0. What are the prime factors of q?
13, 29
Suppose -459 = 4*r - 3831. What are the prime factors of r?
3, 281
Suppose h = 5*i - 27, 3 = -2*i + 5*h + 23. Suppose 2*g - y - 192 = 0, i*y - 8 = -3*g + 293. List the prime factors of g.
97
Let b be (15/12 - 2)*8. Let d(f) = -6*f + 13. Let c be d(-9). What are the prime factors of c/3 + (-4)/b?
23
What are the prime factors of ((-3)/(-12))/(32/145024)?
11, 103
Let b = -381 - -1194. List the prime factors of b.
3, 271
Let q = -27 - -32. Suppose 17 + 8 = 4*l + d, 0 = -l + q*d - 20. Suppose -3*t + 27 = i, l*i + 6*t - t - 135 = 0. What are the prime factors of i?
3
Let k be 1/(-3) - ((-51740)/15)/13. Let f = -183 + k. What are the prime factors of f?
2, 41
Let f(t) = 5*t**3 + 14*t**2 + 8*t + 9. Let l(w) = -2*w**3 - 7*w**2 - 4*w - 5. Let a(y) = -3*f(y) - 7*l(y). List the prime factors of a(7).
2, 3
Let y(g) = -g**2 + 5. Let i be y(0). Suppose i*c + 14 = 7*c. List the prime factors of (-12)/(-28) - (-186)/c.
3
Suppose 41 = -17*s + 415. What are the prime factors of s?
2, 11
Let u = -621 - -1391. What are the prime factors of u?
2, 5, 7, 11
Let c(z) = 3*z**3 + z**2 - 3*z + 1. Let r be 6/4 + (-4)/8. Let p = r - -1. List the prime factors of c(p).
23
Suppose 0 = -36*n + 32216 + 10984. What are the prime factors of n?
2, 3, 5
Let k be ((-4)/6)/((-6)/(-27))*-1. Suppose -k*t = 2*c - 662, -2*c + 335 = 4*t - 327. What are the prime factors of c?
331
Suppose -5 = -d - 1. What are the prime factors of (-2)/(-3) - ((-172)/12 - d)?
19
Suppose g = 3*g - 46. Let j = g - 5. What are the prime factors of j?
2, 3
Let t(b) be the second derivative of 4*b**3/3 - b**2/2 + 6*b. Let p be t(4). Let s = 6 + p. List the prime factors of s.
37
Let t = 1022 + 210. List the prime factors of t.
2, 7, 11
Let j(u) = u**3 - 5*u**2 + u - 6. Let k be j(6). Suppose 3*c + k - 6 = 0. Let n = c + 24. What are the prime factors of n?
2, 7
Suppose 11 = -4*f + 2*f - 5*w, 19 = 2*f - 5*w. Suppose 0 = -c - 3*j - 19 + 110, 0 = f*c + j - 197. List the prime factors of c.
2, 5
Suppose -4*t = -6*t + 16. Suppose -162 = 6*r - t*r. What are the prime factors of r?
3
Let v = 2110 + -1105. What are the prime factors of v?
3, 5, 67
Suppose 0 = 26*u - 37422 - 45908. List the prime factors of u.
5, 641
Let y be (-6 - -5)*1*166/(-2). Let r = -46 + y. List the prime factors of r.
37
Let h(j) = j - 29. Let g be h(13). Let w = 24 + g. List the prime factors of w.
2
What are the 